62. Suppose 6*l + j = 9*l. Calculate the greatest common factor of 48 and l.
16
Let m = 403 - -226. What is the greatest common factor of 37 and m?
37
Suppose 0 = -5*o + 26 + 14. Let g be o/44 + 864/(-33). Let b = g - -41. What is the greatest common divisor of b and 3?
3
Suppose 0 = -s - 2*q + 38, -q = 3*s + s - 166. Suppose -5*a - 109 = -3*b, 4*b - a - 116 = 1. What is the highest common divisor of b and s?
14
Suppose 478*t - 463*t = 11100. Calculate the highest common divisor of t and 222.
74
Suppose -108 = -6*x + 2*x. Suppose 3*m + x = 3*t, 12 = 4*t + 2*m - 0. Let g be -1*15*(-4)/t. What is the highest common divisor of g and 60?
12
Suppose -60 = 9*u - 5*u. Let v = u - -16. Let y be -1*2/(-1 - 1). Calculate the greatest common factor of v and y.
1
Let f(d) = -d**2 - 5*d - 4. Let z be f(-3). Suppose 0 = 8*b - 5*b - 18. Let i = b - z. What is the greatest common divisor of 16 and i?
4
Let s(u) = 2*u**3 + 29*u**2 + 10*u + 17. Let g be s(-14). Let y = 15 + g. Calculate the greatest common divisor of y and 8.
8
Let b be 0 + 4/2 + 32. Let y(k) = k**2 - 2*k + 5. Suppose -32 = 9*s - 5*s. Let x be y(s). What is the highest common factor of b and x?
17
Suppose 2*x = -3*y + 726, 4*x = -4*y + 2*x + 966. Let w(z) = -z**3 + 8*z**2 - 7*z. Let b be w(6). Calculate the greatest common divisor of b and y.
30
Let k(h) = 5*h**3 - 3*h**2 - 2*h - 7. Let i be k(3). What is the greatest common factor of 57 and i?
19
Let j = -116 + 125. Suppose 0 = -m - j + 45. Calculate the highest common divisor of m and 36.
36
Suppose 0 = -2*m + 3*t + 2320, t = 4*m - 0*m - 4660. What is the highest common divisor of 22 and m?
22
Let o be (1 + 12)/((-2)/22). Let i be (-1)/(-2) - o/2. Let c(r) = r**2 + 58*r - 520. Let q be c(8). What is the greatest common divisor of i and q?
8
Suppose -k + 81 = -5*l, -l - 3*l - 59 = 5*k. Let z = l - -32. Suppose 0 = -4*m + y + 2*y + 17, -1 = m + y. What is the highest common divisor of z and m?
2
Let y be ((-10)/(-4))/(2/4). Suppose -q + 55 = y*m, 3*m + 3*q - 45 = -0*q. Let t be 88/m*(1 + 9). Calculate the greatest common factor of t and 11.
11
Let b be 3 + 4/(12/27). Let o be (-481)/3 + (-8)/(-24). Let i be (o/15)/(2/(-9)). Calculate the highest common divisor of i and b.
12
Let c = 135 - 5. Let b be (-2)/((-8)/315) + (-3)/4. Let f be (66/(-99))/((4/b)/(-1)). What is the highest common factor of f and c?
13
Let l(p) = -p**2 - 11*p - 6. Suppose r + 15 = -3*y, -y + 16 = -4*r + 2*r. Let j be l(r). Calculate the highest common divisor of j and 6.
6
Let n = 613 - 603. What is the greatest common divisor of 155 and n?
5
Let q = 27 + -22. Suppose 3*j - 175 = 5*h, 3*j + q*h - 93 = 122. Suppose -f + 17 = 4*a - 3*a, -36 = -4*f + 4*a. What is the highest common divisor of f and j?
13
Let d be 222*(3 - 6/4). Let x = -237 + d. Calculate the highest common divisor of 12 and x.
12
Let v be ((-4650)/25)/(-3 + 1). Let f = -75 + v. Calculate the highest common divisor of f and 144.
18
Let n(c) = 37*c + 2. Let p be n(1). Let j = p - 40. Let v be j*4/2*-10. Calculate the greatest common divisor of 4 and v.
4
Suppose 0 = 7*f - 48*f + 369. Calculate the greatest common factor of 549 and f.
9
Let v be (7 + 182/14)*150/8. Calculate the highest common factor of 150 and v.
75
Suppose 0*r = 3*r, -4*a = -2*r - 32. Suppose -a*j = 3*j - 198. Calculate the highest common divisor of j and 72.
18
Let c = -20 - -21. Suppose 5*d - 111 = -b, 3*b = d - 36 + c. Let x = 138 - -115. Calculate the highest common divisor of d and x.
23
Let v = 665 - 654. Calculate the greatest common factor of 1 and v.
1
Suppose -4*z + 6*z = 8. Let q = 12 - z. Let r = -32 + 33. What is the highest common factor of r and q?
1
Let w = 16 - 2. Let a be (-4 + 1 + 3)/(-1). Suppose a = d - 31 + 10. What is the greatest common factor of d and w?
7
Suppose -4*t - 4*l = -0*l - 1268, 2*t - 604 = 4*l. Let q be t/36 - 2/(-6). Let o = 135 - 63. Calculate the greatest common divisor of o and q.
9
Suppose -3*a + 15 = i - 23, 0 = 3*i - 15. What is the highest common factor of a and 22?
11
Let k(i) = 13*i**2 - 41*i - 11. Let f be k(8). What is the greatest common factor of f and 17?
17
Let c(t) be the second derivative of -t**3/6 + 2*t**2 + 39*t. Let h be c(0). Let y = 13 - 9. Calculate the greatest common divisor of y and h.
4
Let y(l) = l**3 - l**2 - 9*l + 6. Let t be y(4). What is the highest common divisor of t and 297?
9
Let r = 649 - 605. What is the highest common divisor of r and 66?
22
Let t be (-5 + -5)*2/(-4). Let m be -2 + 2*40*1. Suppose t*r - m = 2*r. Calculate the highest common factor of 39 and r.
13
Suppose -i + 2*i + 4 = 0. Let x be 118/8 - 1/i. Let u(n) = -n**3 - 7*n**2 + 13*n - 35. Let k be u(-9). Calculate the greatest common factor of k and x.
5
Let p(m) = m**3 + 4*m**2 - 4*m - 4. Let s be p(-3). Let o = 13 - -48. Let h = o + -44. Calculate the greatest common factor of h and s.
17
Let x be ((-16)/(-10))/((-2)/(-20)). Suppose 2*b = 14*b - 1536. What is the highest common factor of b and x?
16
Suppose 0 = -4*m - 3*n + 8*n + 120, -55 = -3*m - 5*n. Suppose 12*v - 932 - 1768 = 0. What is the highest common factor of m and v?
25
Let i = 303 - 249. What is the greatest common divisor of i and 774?
18
Let v(d) be the first derivative of d**3/3 + d**2/2 + 48*d + 11. Let l be v(0). What is the greatest common factor of 6 and l?
6
Suppose 4*w = -102 + 90. Let z be 1 - -70*w/(-6). Calculate the greatest common divisor of z and 288.
36
Let t(b) = -b**2 - 2*b + 5. Let k be t(4). Let d = -16 - k. Calculate the greatest common factor of d and 6.
3
Suppose -3*m = 3*v - 84, 6*v - 108 = 3*v + 3*m. What is the highest common divisor of v and 48?
16
Suppose 0*y = 5*y. Let n be 1 + 34 - (2 + y). What is the highest common factor of 3 and n?
3
Let j be -2 + (2 - (72 + -3)). Let k = j - -102. Let u = -399 - -410. What is the highest common factor of u and k?
11
Let f = 29 + -22. What is the highest common divisor of f and 161?
7
Let w = -44 + 51. Let q = -226 + 227. Calculate the greatest common factor of q and w.
1
Suppose -5*x + 559 - 2604 = -5*b, -3*x - 2*b - 1227 = 0. Let i = x + 1113. Suppose 5*g - g = i. What is the greatest common divisor of g and 22?
22
Suppose o + 360 = 3*o - 4*f, -4*o + 4*f + 700 = 0. What is the greatest common factor of o and 10?
10
Let j(x) = 134*x + 4. Let h be j(-1). Let z = -98 - h. What is the greatest common divisor of 144 and z?
16
Let v be (40/15)/(6/495). Calculate the highest common factor of 242 and v.
22
Suppose -6*v = -15*v + 36. Let k be 1/v + 3/(12/55). Calculate the highest common factor of 35 and k.
7
Suppose -i - 6 = n, -2*n - 3 = -2*i + 1. Let a be 35 - 3 - 1*i. Calculate the greatest common factor of 17 and a.
17
Let s be (-24 - -2)/(2/(-35)). What is the greatest common factor of s and 35?
35
Suppose -3*q = -5*d + 1026, -9 = -4*q + q. Calculate the greatest common divisor of 23 and d.
23
Suppose 5*s - 331 = -4*t, -23*s + 19*s = t - 256. Calculate the highest common factor of 91 and s.
7
Let l = -398 + 422. Calculate the highest common divisor of 744 and l.
24
Let w be 3042/45 - 3/((-30)/4). Let b(t) = 2*t**2 + 3*t + 1. Let y be b(-2). Suppose -y*j = w - 524. Calculate the greatest common factor of 19 and j.
19
Let f = 16 + -24. Suppose 36 = 2*i + 4*y, 5*i - 2*y - 34 - 92 = 0. Let z be 210/i + (-2)/f. What is the highest common factor of 36 and z?
9
Suppose v - 644 = -22*v. Let w(i) = 13*i + 5. Let y be w(5). Calculate the greatest common factor of y and v.
14
Let i(a) = -a**2 - 12*a + 198. Let y be i(-20). Let l = 10 + 9. Calculate the highest common factor of y and l.
19
Let j be ((-3)/(-6))/(1/6). Suppose -j*g = 4*g - 84. Calculate the highest common factor of g and 132.
12
Let j = -1081 + 1341. What is the greatest common factor of j and 20?
20
Let u = -32 + 36. Let m be 3 + 15 - (u + 0). Calculate the greatest common divisor of m and 98.
14
Let o(r) = -2*r**2 + r + 30. Let f be o(9). Let n = f + 187. Calculate the greatest common factor of n and 8.
8
Let f be (136/(-16))/((-2)/(-16)). Let p be f/(-6) - 12/36. Calculate the greatest common divisor of p and 1.
1
Suppose -76*i + 504 = -13*i. Calculate the greatest common factor of i and 56.
8
Let p(y) = y**2 - 45*y - 77. Let z be p(52). What is the highest common factor of z and 7?
7
Suppose v - 16 = 95. Calculate 